{"id":24,"date":"2023-08-17T08:04:24","date_gmt":"2023-08-17T12:04:24","guid":{"rendered":"https:\/\/demosites.royal-elementor-addons.com\/nature-v2\/?page_id=24"},"modified":"2025-11-10T08:18:42","modified_gmt":"2025-11-10T12:18:42","slug":"postulaciones","status":"publish","type":"page","link":"https:\/\/www.escueladeverano.cr2.cl\/index.php\/postulaciones\/","title":{"rendered":"Postulaciones"},"content":{"rendered":"\t\t<div data-elementor-type=\"wp-page\" data-elementor-id=\"24\" class=\"elementor elementor-24\">\n\t\t\t\t\t\t<section class=\"elementor-section elementor-top-section elementor-element elementor-element-a891e86 elementor-section-boxed elementor-section-height-default elementor-section-height-default wpr-particle-no wpr-jarallax-no wpr-parallax-no wpr-sticky-section-no\" data-id=\"a891e86\" data-element_type=\"section\" data-settings=\"{&quot;background_background&quot;:&quot;classic&quot;}\">\n\t\t\t\t\t\t\t<div class=\"elementor-background-overlay\"><\/div>\n\t\t\t\t\t\t\t<div class=\"elementor-container elementor-column-gap-default\">\n\t\t\t\t\t<div class=\"elementor-column elementor-col-100 elementor-top-column elementor-element elementor-element-c8caeac\" data-id=\"c8caeac\" data-element_type=\"column\">\n\t\t\t<div class=\"elementor-widget-wrap elementor-element-populated\">\n\t\t\t\t\t\t<div class=\"elementor-element elementor-element-2b28a89 elementor-widget elementor-widget-heading\" data-id=\"2b28a89\" data-element_type=\"widget\" data-widget_type=\"heading.default\">\n\t\t\t\t<div class=\"elementor-widget-container\">\n\t\t\t\t\t<h2 class=\"elementor-heading-title elementor-size-default\">Postulaciones<\/h2>\t\t\t\t<\/div>\n\t\t\t\t<\/div>\n\t\t\t\t\t<\/div>\n\t\t<\/div>\n\t\t\t\t\t<\/div>\n\t\t<\/section>\n\t\t<div class=\"elementor-element elementor-element-c307a16 e-flex e-con-boxed wpr-particle-no wpr-jarallax-no wpr-parallax-no wpr-sticky-section-no e-con e-parent\" data-id=\"c307a16\" data-element_type=\"container\">\n\t\t\t\t\t<div class=\"e-con-inner\">\n\t\t\t\t<div class=\"elementor-element elementor-element-66f22c8 elementor-widget elementor-widget-text-editor\" data-id=\"66f22c8\" data-element_type=\"widget\" data-widget_type=\"text-editor.default\">\n\t\t\t\t<div class=\"elementor-widget-container\">\n\t\t\t\t\t\t\t\t\t<p>Las postulaciones a la Escuela de Verano 2026 est\u00e1n cerradas<\/p>\t\t\t\t\t\t\t\t<\/div>\n\t\t\t\t<\/div>\n\t\t\t\t\t<\/div>\n\t\t\t\t<\/div>\n\t\t\t\t<section class=\"elementor-section elementor-top-section elementor-element elementor-element-59035aa elementor-hidden-desktop elementor-hidden-laptop elementor-hidden-tablet elementor-hidden-mobile elementor-section-boxed elementor-section-height-default elementor-section-height-default wpr-particle-no wpr-jarallax-no wpr-parallax-no wpr-sticky-section-no\" data-id=\"59035aa\" data-element_type=\"section\">\n\t\t\t\t\t\t<div class=\"elementor-container elementor-column-gap-wide\">\n\t\t\t\t\t<div class=\"elementor-column elementor-col-50 elementor-top-column elementor-element elementor-element-c565c00\" data-id=\"c565c00\" data-element_type=\"column\">\n\t\t\t<div class=\"elementor-widget-wrap elementor-element-populated\">\n\t\t\t\t\t\t<div class=\"elementor-element elementor-element-8f64154 elementor-widget elementor-widget-text-editor\" data-id=\"8f64154\" data-element_type=\"widget\" data-widget_type=\"text-editor.default\">\n\t\t\t\t<div class=\"elementor-widget-container\">\n\t\t\t\t\t\t\t\t\t<p>Esta edici\u00f3n de la EdV se dirige a estudiantes de postgrado, investigadores\/as j\u00f3venes, posdoctorantes y profesionales del sector p\u00fablico o privado con experiencia o inter\u00e9s en adaptaci\u00f3n y resiliencia ante eventos clim\u00e1ticos extremos.<\/p><p>Las postulaciones son validadas por el Comit\u00e9 Acad\u00e9mico de la Escuela, con un cupo m\u00e1ximo de<strong> 20 participantes.\u00a0<\/strong>La selecci\u00f3n de participantes considerar\u00e1 antecedentes acad\u00e9micos y profesionales, cercan\u00eda de sus temas de investigaci\u00f3n\/trabajo con los t\u00f3picos de la Escuela de Verano, diversidad disciplinaria, paridad de g\u00e9nero y diversidad regional.<\/p>\t\t\t\t\t\t\t\t<\/div>\n\t\t\t\t<\/div>\n\t\t\t\t<div class=\"elementor-element elementor-element-486f150 elementor-widget elementor-widget-heading\" data-id=\"486f150\" data-element_type=\"widget\" data-widget_type=\"heading.default\">\n\t\t\t\t<div class=\"elementor-widget-container\">\n\t\t\t\t\t<h2 class=\"elementor-heading-title elementor-size-default\">\u00bfQu\u00e9 costo tiene?<\/h2>\t\t\t\t<\/div>\n\t\t\t\t<\/div>\n\t\t\t\t<div class=\"elementor-element elementor-element-333b1d0 elementor-widget elementor-widget-text-editor\" data-id=\"333b1d0\" data-element_type=\"widget\" data-widget_type=\"text-editor.default\">\n\t\t\t\t<div class=\"elementor-widget-container\">\n\t\t\t\t\t\t\t\t\t<p>La inscripci\u00f3n para la Escuela de Verano 2026 es de<strong> $200.000 <\/strong>(pesos chilenos)<\/p><p><em>Contamos con becas para financiar la participaci\u00f3n de algunos alumnos.<\/em><\/p>\t\t\t\t\t\t\t\t<\/div>\n\t\t\t\t<\/div>\n\t\t\t\t\t<\/div>\n\t\t<\/div>\n\t\t\t\t<div class=\"elementor-column elementor-col-50 elementor-top-column elementor-element elementor-element-c2c8fe8\" data-id=\"c2c8fe8\" data-element_type=\"column\">\n\t\t\t<div class=\"elementor-widget-wrap elementor-element-populated\">\n\t\t\t\t\t\t<div class=\"elementor-element elementor-element-f6af1d2 elementor-widget elementor-widget-heading\" data-id=\"f6af1d2\" data-element_type=\"widget\" data-widget_type=\"heading.default\">\n\t\t\t\t<div class=\"elementor-widget-container\">\n\t\t\t\t\t<h2 class=\"elementor-heading-title elementor-size-default\">\u00bfC\u00f3mo postular?<\/h2>\t\t\t\t<\/div>\n\t\t\t\t<\/div>\n\t\t\t\t<div class=\"elementor-element elementor-element-eb69d0e elementor-widget elementor-widget-text-editor\" data-id=\"eb69d0e\" data-element_type=\"widget\" data-widget_type=\"text-editor.default\">\n\t\t\t\t<div class=\"elementor-widget-container\">\n\t\t\t\t\t\t\t\t\t<p>Para postular, se deben presentar los siguientes documentos:<\/p><ul><li>C\u00e9dula de identidad o pasaporte vigente (por ambos lados).<\/li><li>Carta de motivaci\u00f3n breve, en la que se exprese el inter\u00e9s en participar de la Escuela.<\/li><li>CV con:<ul><li>Antecedentes personales (nombre y apellidos, nacionalidad, RUT o n\u00famero de pasaporte, correo, tel\u00e9fono de contacto, residencia actual).<\/li><li>Antecedentes laborales.<\/li><li>Antecedentes acad\u00e9micos (t\u00edtulos y\/o grados).<\/li><\/ul><\/li><li>Certificado de t\u00edtulo o grado.<\/li><li>Certificado de afiliaci\u00f3n institucional (laboral o de estudiante regular).<\/li><li>Carta de compromiso de participaci\u00f3n, en la que indique disponibilidad para participar de la Escuela del 06 al 16 enero de 2026 (Exceptuando el d\u00eda domingo).<\/li><\/ul>\t\t\t\t\t\t\t\t<\/div>\n\t\t\t\t<\/div>\n\t\t\t\t\t<\/div>\n\t\t<\/div>\n\t\t\t\t\t<\/div>\n\t\t<\/section>\n\t\t<div class=\"elementor-element elementor-element-36a83a2 elementor-hidden-desktop elementor-hidden-laptop elementor-hidden-tablet elementor-hidden-mobile e-flex e-con-boxed wpr-particle-no wpr-jarallax-no wpr-parallax-no wpr-sticky-section-no e-con e-parent\" data-id=\"36a83a2\" data-element_type=\"container\">\n\t\t\t\t\t<div class=\"e-con-inner\">\n\t\t\t\t<div class=\"elementor-element elementor-element-c6f9035 elementor-widget elementor-widget-text-editor\" data-id=\"c6f9035\" data-element_type=\"widget\" data-widget_type=\"text-editor.default\">\n\t\t\t\t<div class=\"elementor-widget-container\">\n\t\t\t\t\t\t\t\t\t<p style=\"text-align: center;\"><strong>Por favor, llene el siguiente formulario, antes del 7 de noviembre, para concretar su postulaci\u00f3n:<\/strong><\/p><p style=\"text-align: center;\">\n<div class=\"wpcf7 no-js\" id=\"wpcf7-f3675-o1\" lang=\"en-US\" dir=\"ltr\" data-wpcf7-id=\"3675\">\n<div class=\"screen-reader-response\"><p role=\"status\" aria-live=\"polite\" aria-atomic=\"true\"><\/p> <ul><\/ul><\/div>\n<form action=\"\/index.php\/wp-json\/wp\/v2\/pages\/24#wpcf7-f3675-o1\" method=\"post\" class=\"wpcf7-form init\" aria-label=\"Contact form\" enctype=\"multipart\/form-data\" novalidate=\"novalidate\" data-status=\"init\">\n<fieldset class=\"hidden-fields-container\"><input type=\"hidden\" name=\"_wpcf7\" value=\"3675\" \/><input type=\"hidden\" name=\"_wpcf7_version\" value=\"6.1.3\" \/><input type=\"hidden\" name=\"_wpcf7_locale\" value=\"en_US\" \/><input type=\"hidden\" name=\"_wpcf7_unit_tag\" value=\"wpcf7-f3675-o1\" \/><input type=\"hidden\" name=\"_wpcf7_container_post\" value=\"0\" \/><input type=\"hidden\" name=\"_wpcf7_posted_data_hash\" value=\"\" \/><input type=\"hidden\" name=\"_wpcf7_recaptcha_response\" value=\"\" \/>\n<\/fieldset>\n<p>Nombre\n<\/p>\n<p><span class=\"wpcf7-form-control-wrap\" data-name=\"Given-Name\"><input size=\"40\" maxlength=\"400\" class=\"wpcf7-form-control wpcf7-text wpcf7-validates-as-required\" aria-required=\"true\" aria-invalid=\"false\" value=\"\" type=\"text\" name=\"Given-Name\" \/><\/span>\n<\/p>\n<p>Apellido\n<\/p>\n<p><span class=\"wpcf7-form-control-wrap\" data-name=\"Last-Name\"><input size=\"40\" maxlength=\"400\" class=\"wpcf7-form-control wpcf7-text wpcf7-validates-as-required\" aria-required=\"true\" aria-invalid=\"false\" value=\"\" type=\"text\" name=\"Last-Name\" \/><\/span>\n<\/p>\n<p>Nacionalidad\n<\/p>\n<p><span class=\"wpcf7-form-control-wrap\" data-name=\"Nacionality\"><input size=\"40\" maxlength=\"400\" class=\"wpcf7-form-control wpcf7-text wpcf7-validates-as-required\" aria-required=\"true\" aria-invalid=\"false\" value=\"\" type=\"text\" name=\"Nacionality\" \/><\/span>\n<\/p>\n<p>G\u00e9nero\n<\/p>\n<p><span class=\"wpcf7-form-control-wrap\" data-name=\"Gender\"><select class=\"wpcf7-form-control wpcf7-select wpcf7-validates-as-required\" aria-required=\"true\" aria-invalid=\"false\" name=\"Gender\"><option value=\"\">&#8212;Please choose an option&#8212;<\/option><option value=\"Hombre\">Hombre<\/option><option value=\"Mujer\">Mujer<\/option><option value=\"Otro\">Otro<\/option><option value=\"Prefiero no decirlo\">Prefiero no decirlo<\/option><\/select><\/span>\n<\/p>\n<p>Edad\n<\/p>\n<p><span class=\"wpcf7-form-control-wrap\" data-name=\"Age\"><input size=\"40\" maxlength=\"400\" class=\"wpcf7-form-control wpcf7-text wpcf7-validates-as-required\" aria-required=\"true\" aria-invalid=\"false\" value=\"\" type=\"text\" name=\"Age\" \/><\/span>\n<\/p>\n<p> Numero de ID Personal (RUN con puntos y gui\u00f3n o n\u00famero de pasaporte.)\n<\/p>\n<p><span class=\"wpcf7-form-control-wrap\" data-name=\"Personal-ID-Number\"><input size=\"40\" maxlength=\"400\" class=\"wpcf7-form-control wpcf7-text wpcf7-validates-as-required\" aria-required=\"true\" aria-invalid=\"false\" value=\"\" type=\"text\" name=\"Personal-ID-Number\" \/><\/span>\n<\/p>\n<p> Email\n<\/p>\n<p><span class=\"wpcf7-form-control-wrap\" data-name=\"email\"><input size=\"40\" maxlength=\"400\" class=\"wpcf7-form-control wpcf7-email wpcf7-validates-as-required wpcf7-text wpcf7-validates-as-email\" aria-required=\"true\" aria-invalid=\"false\" value=\"\" type=\"email\" name=\"email\" \/><\/span>\n<\/p>\n<p> Tel\u00e9fono\n<\/p>\n<p><span class=\"wpcf7-form-control-wrap\" data-name=\"Contact-Phone\"><input size=\"40\" maxlength=\"400\" class=\"wpcf7-form-control wpcf7-tel wpcf7-validates-as-required wpcf7-text wpcf7-validates-as-tel\" aria-required=\"true\" aria-invalid=\"false\" value=\"\" type=\"tel\" name=\"Contact-Phone\" \/><\/span>\n<\/p>\n<p> Actividad o cargo actual\n<\/p>\n<p><span class=\"wpcf7-form-control-wrap\" data-name=\"Current-Position\"><input size=\"40\" maxlength=\"400\" class=\"wpcf7-form-control wpcf7-text wpcf7-validates-as-required\" aria-required=\"true\" aria-invalid=\"false\" value=\"\" type=\"text\" name=\"Current-Position\" \/><\/span>\n<\/p>\n<p> Lugar de trabajo o estudio\n<\/p>\n<p><span class=\"wpcf7-form-control-wrap\" data-name=\"Current-Location\"><input size=\"40\" maxlength=\"400\" class=\"wpcf7-form-control wpcf7-text wpcf7-validates-as-required\" aria-required=\"true\" aria-invalid=\"false\" value=\"\" type=\"text\" name=\"Current-Location\" \/><\/span>\n<\/p>\n<p> Lugar actual de residencia (pa\u00eds, regi\u00f3n y comuna)\n<\/p>\n<p><span class=\"wpcf7-form-control-wrap\" data-name=\"Current-Place-of-Residence\"><input size=\"40\" maxlength=\"400\" class=\"wpcf7-form-control wpcf7-text wpcf7-validates-as-required\" aria-required=\"true\" aria-invalid=\"false\" value=\"\" type=\"text\" name=\"Current-Place-of-Residence\" \/><\/span>\n<\/p>\n<p> \u00bfRequiere postular a una beca para financiar su participaci\u00f3n en la Escuela?\n<\/p>\n<p><span class=\"wpcf7-form-control-wrap\" data-name=\"requiere-beca\"><select class=\"wpcf7-form-control wpcf7-select wpcf7-validates-as-required\" aria-required=\"true\" aria-invalid=\"false\" name=\"requiere-beca\"><option value=\"\">&#8212;Please choose an option&#8212;<\/option><option value=\"Si\">Si<\/option><option value=\"No\">No<\/option><\/select><\/span> \u00bfC\u00f3mo te enteraste de la Escuela de Verano CR2?\n<\/p>\n<p><span class=\"wpcf7-form-control-wrap\" data-name=\"About-Us\"><input size=\"40\" maxlength=\"400\" class=\"wpcf7-form-control wpcf7-text wpcf7-validates-as-required\" aria-required=\"true\" aria-invalid=\"false\" value=\"\" type=\"text\" name=\"About-Us\" \/><\/span>\n<\/p>\n<p>&#8212;&#8212;&#8212;&#8212;&#8212;&#8212;&#8212;&#8212;&#8212;-\n<\/p>\n<p>Por favor suba aqu\u00ed los documentos solicitados en formato PDF (no debe excederse de 1 MB)\n<\/p>\n<ol>\n\t<li>\n\t\t<p>Documento de identidad<br \/>\n<span class=\"wpcf7-form-control-wrap\" data-name=\"Documento-identidad\"><input size=\"40\" class=\"wpcf7-form-control wpcf7-file wpcf7-validates-as-required\" accept=\".pdf\" aria-required=\"true\" aria-invalid=\"false\" type=\"file\" name=\"Documento-identidad\" \/><\/span>\n\t\t<\/p>\n\t<\/li>\n\t<li>\n\t\t<p>Carta Motivacional<br \/>\n<span class=\"wpcf7-form-control-wrap\" data-name=\"Motivation-letter\"><input size=\"40\" class=\"wpcf7-form-control wpcf7-file wpcf7-validates-as-required\" accept=\".pdf\" aria-required=\"true\" aria-invalid=\"false\" type=\"file\" name=\"Motivation-letter\" \/><\/span>\n\t\t<\/p>\n\t<\/li>\n\t<li>\n\t\t<p>Curriculum Vitae<br \/>\n<span class=\"wpcf7-form-control-wrap\" data-name=\"Curriculum-Vitae\"><input size=\"40\" class=\"wpcf7-form-control wpcf7-file wpcf7-validates-as-required\" accept=\".pdf\" aria-required=\"true\" aria-invalid=\"false\" type=\"file\" name=\"Curriculum-Vitae\" \/><\/span>\n\t\t<\/p>\n\t<\/li>\n\t<li>\n\t\t<p>Certificado de t\u00edtulo o grado<br \/>\n<span class=\"wpcf7-form-control-wrap\" data-name=\"Certificado-titulo\"><input size=\"40\" class=\"wpcf7-form-control wpcf7-file wpcf7-validates-as-required\" accept=\".pdf\" aria-required=\"true\" aria-invalid=\"false\" type=\"file\" name=\"Certificado-titulo\" \/><\/span>\n\t\t<\/p>\n\t<\/li>\n\t<li>\n\t\t<p>Certificado de afiliaci\u00f3n laboral o estudiantil<br \/>\n<span class=\"wpcf7-form-control-wrap\" data-name=\"Certificado-afiliacion\"><input size=\"40\" class=\"wpcf7-form-control wpcf7-file wpcf7-validates-as-required\" accept=\".pdf\" aria-required=\"true\" aria-invalid=\"false\" type=\"file\" name=\"Certificado-afiliacion\" \/><\/span>\n\t\t<\/p>\n\t<\/li>\n\t<li>\n\t\t<p>Carta compromiso de participaci\u00f3n<br \/>\n<span class=\"wpcf7-form-control-wrap\" data-name=\"Carta-compromiso\"><input size=\"40\" class=\"wpcf7-form-control wpcf7-file wpcf7-validates-as-required\" accept=\".pdf\" aria-required=\"true\" aria-invalid=\"false\" type=\"file\" name=\"Carta-compromiso\" \/><\/span>\n\t\t<\/p>\n\t<\/li>\n<\/ol>\n<p><input class=\"wpcf7-form-control wpcf7-submit has-spinner\" type=\"submit\" value=\"Enviar\" \/>\n<\/p><div class=\"wpcf7-response-output\" aria-hidden=\"true\"><\/div>\n<\/form>\n<\/div>\n<\/p>\t\t\t\t\t\t\t\t<\/div>\n\t\t\t\t<\/div>\n\t\t\t\t\t<\/div>\n\t\t\t\t<\/div>\n\t\t\t\t<\/div>\n\t\t","protected":false},"excerpt":{"rendered":"<p>Postulaciones Las postulaciones a la Escuela de Verano 2026 est\u00e1n cerradas Esta edici\u00f3n de la EdV se dirige a estudiantes de postgrado, investigadores\/as j\u00f3venes, posdoctorantes y profesionales del sector p\u00fablico o privado con experiencia o inter\u00e9s en adaptaci\u00f3n y resiliencia ante eventos clim\u00e1ticos extremos. Las postulaciones son validadas por el Comit\u00e9 Acad\u00e9mico de la Escuela, con un cupo m\u00e1ximo de 20 participantes.\u00a0La selecci\u00f3n de participantes considerar\u00e1 antecedentes acad\u00e9micos y profesionales, cercan\u00eda de sus temas de investigaci\u00f3n\/trabajo con los t\u00f3picos de la Escuela de Verano, diversidad disciplinaria, paridad de g\u00e9nero y diversidad regional. \u00bfQu\u00e9 costo tiene? La inscripci\u00f3n para la Escuela de Verano 2026 es de $200.000 (pesos chilenos) Contamos con becas para financiar la participaci\u00f3n de algunos alumnos. \u00bfC\u00f3mo postular? Para postular, se deben presentar los siguientes documentos: C\u00e9dula de identidad o pasaporte vigente (por ambos lados). Carta de motivaci\u00f3n breve, en la que se exprese el inter\u00e9s en participar de la Escuela. CV con: Antecedentes personales (nombre y apellidos, nacionalidad, RUT o n\u00famero de pasaporte, correo, tel\u00e9fono de contacto, residencia actual). Antecedentes laborales. Antecedentes acad\u00e9micos (t\u00edtulos y\/o grados). Certificado de t\u00edtulo o grado. Certificado de afiliaci\u00f3n institucional (laboral o de estudiante regular). Carta de compromiso de participaci\u00f3n, en la que indique disponibilidad para participar de la Escuela del 06 al 16 enero de 2026 (Exceptuando el d\u00eda domingo). Por favor, llene el siguiente formulario, antes del 7 de noviembre, para concretar su postulaci\u00f3n:<\/p>\n","protected":false},"author":1,"featured_media":0,"parent":0,"menu_order":0,"comment_status":"closed","ping_status":"closed","template":"elementor_canvas","meta":{"footnotes":""},"class_list":["post-24","page","type-page","status-publish","hentry"],"_links":{"self":[{"href":"https:\/\/www.escueladeverano.cr2.cl\/index.php\/wp-json\/wp\/v2\/pages\/24","targetHints":{"allow":["GET"]}}],"collection":[{"href":"https:\/\/www.escueladeverano.cr2.cl\/index.php\/wp-json\/wp\/v2\/pages"}],"about":[{"href":"https:\/\/www.escueladeverano.cr2.cl\/index.php\/wp-json\/wp\/v2\/types\/page"}],"author":[{"embeddable":true,"href":"https:\/\/www.escueladeverano.cr2.cl\/index.php\/wp-json\/wp\/v2\/users\/1"}],"replies":[{"embeddable":true,"href":"https:\/\/www.escueladeverano.cr2.cl\/index.php\/wp-json\/wp\/v2\/comments?post=24"}],"version-history":[{"count":78,"href":"https:\/\/www.escueladeverano.cr2.cl\/index.php\/wp-json\/wp\/v2\/pages\/24\/revisions"}],"predecessor-version":[{"id":9898,"href":"https:\/\/www.escueladeverano.cr2.cl\/index.php\/wp-json\/wp\/v2\/pages\/24\/revisions\/9898"}],"wp:attachment":[{"href":"https:\/\/www.escueladeverano.cr2.cl\/index.php\/wp-json\/wp\/v2\/media?parent=24"}],"curies":[{"name":"wp","href":"https:\/\/api.w.org\/{rel}","templated":true}]}}